hat is the greatest common factor of g and 135?
27
Let x = -91 + 238. Let a = 63 - 42. Calculate the greatest common factor of a and x.
21
Let m(l) = 2*l**2 + 2*l + 1. Let c be m(6). Let p = 121 - 52. Let g = p + c. What is the highest common divisor of 22 and g?
22
Let z(c) = 3*c + 32. Let v(m) = -2*m - 16. Let j(b) = 5*v(b) + 3*z(b). Let h be j(0). Calculate the highest common factor of 32 and h.
16
Let c = 14 + -10. Suppose c*v - 236 = -5*m, 0*m - 120 = -2*v - 3*m. Calculate the highest common divisor of v and 36.
18
Suppose 5*b - 4*b = 3. Calculate the highest common factor of 9 and b.
3
Suppose 2*q + 61 = 2*y - y, 5*q + 180 = 3*y. Calculate the greatest common factor of y and 5.
5
Let v = -85 + 124. What is the highest common factor of v and 13?
13
Let p(c) = 2*c + 11. Let k be p(-4). Let d be (k/2)/((-6)/(-8)). Calculate the highest common factor of d and 3.
1
Suppose 5*d = -17 + 57. Let k(q) = -q**2 + 9*q - 6. Let a be k(7). Let f be (-26)/(-3) - a/12. Calculate the greatest common divisor of f and d.
8
Suppose -5*v - 11 = -4*v - 2*k, 4*v + 33 = -3*k. Suppose -5*n = -3*w + 59, -5*w + 80 = 3*n - 7. Let d = w + v. Calculate the highest common factor of 27 and d.
9
Let k be (16/20)/(1/(-1115)). Let n be k/(-10) - 1/5. Let d = n - 1. Calculate the highest common divisor of d and 11.
11
Let c = -9 - -18. Suppose f - 4*f = -c. Calculate the highest common divisor of 27 and f.
3
Suppose -5*g = -9*g + 48. Calculate the highest common divisor of 96 and g.
12
Let u(w) = -w**2 - 13*w + 24. Let d be u(-14). Calculate the greatest common divisor of 30 and d.
10
Let s = 185 + -174. Calculate the greatest common divisor of 11 and s.
11
Suppose 0 = 5*i - 267 - 228. Suppose 14 = 2*a - 64. Suppose 4*m - a = -3. What is the highest common factor of m and i?
9
Suppose -3*o + 0*o = -42. Let l(p) = 4*p**2 + p + 4. Let j be l(6). Calculate the greatest common factor of o and j.
14
Let j(l) = -3*l**2 + 2. Let h be j(-3). Let r = -19 - 24. Let s = h - r. Calculate the highest common divisor of s and 162.
18
Let h = -20 - -56. Calculate the greatest common divisor of h and 12.
12
Let o be -6*((-2)/4 + -1). Suppose 0*f - 27 = -f. Calculate the highest common divisor of o and f.
9
Suppose 3*u = -5*q + 179, 5*u - 83 - 68 = -4*q. Let w = q + -18. What is the greatest common factor of 176 and w?
16
Suppose 0 = -3*g + 51 + 165. Calculate the greatest common divisor of 8 and g.
8
Suppose 3*i - 4*i - 10 = 0. Let l be 9/15 + (-14)/i. What is the greatest common divisor of 18 and l?
2
Let c be 1269/(-9)*(-1)/3. Let l = c - 27. What is the highest common factor of 20 and l?
20
Let x be 9/(-6) - (-891)/6. Calculate the highest common divisor of 21 and x.
21
Suppose -12 = -9*j + 6*j. What is the highest common divisor of 32 and j?
4
Suppose -12 + 43 = 3*u + 5*x, 0 = 2*u + 2*x - 14. Suppose -2*o + 72 = u*o. Suppose 47 - 2 = l. Calculate the greatest common divisor of l and o.
9
Suppose -54 = 7*d - 236. What is the highest common divisor of 39 and d?
13
Let y be 4 + -7 + 92/4. What is the greatest common factor of 4 and y?
4
Let f be 0 + (3 - (-5 - -3)). Let w = 8 - f. Calculate the greatest common factor of w and 1.
1
Let z(l) = -24*l + 12. Let y be z(-4). Calculate the greatest common factor of 12 and y.
12
Suppose n + 5 = 2*c, -2*n - 3 = n - 2*c. Let b be (-4*n)/(-2) + 1. Let f = 14 + b. What is the greatest common divisor of f and 68?
17
Let v = 35 - 8. Let c be -12 + 14 - v/(-1). Calculate the greatest common factor of 29 and c.
29
Let g be 1/(4/27)*4. Suppose 1 - g = -2*b. Let j = 102 - 50. Calculate the greatest common factor of b and j.
13
Let i = 17 - 17. Suppose -h + 0*h + 76 = i. Calculate the highest common factor of h and 19.
19
Let h = -2 + 6. Calculate the highest common divisor of 4 and h.
4
Suppose 2*w + x = -x + 6, -3*x = -2*w + 6. Suppose n - w*g = 232, -1120 = 3*n - 8*n + 5*g. Calculate the highest common factor of n and 20.
20
Let x be (-15)/9*(-14 - -5). Calculate the highest common factor of x and 9.
3
Suppose 0 = -5*y + 111 + 9. Suppose 2*v - 84 = -5*v. Calculate the greatest common divisor of y and v.
12
Suppose -4*m + 0*n + 240 = 4*n, 2*m - 128 = -4*n. Calculate the highest common divisor of m and 8.
8
Let f(v) = -1 - 2 + v + 1 + v. Let k be 6 - -2*1/2. Let j be f(k). Calculate the highest common factor of 3 and j.
3
Suppose -84 = -5*h + h + x, -4*x = 5*h - 84. Calculate the highest common divisor of 180 and h.
20
Suppose 5 = 4*q - 11. Let u(h) = -h**2 + 7*h. Let a be u(q). Calculate the greatest common divisor of 6 and a.
6
Suppose j - 5*j + 20 = 0. Suppose 0 = c - j*c + 80. Let n(t) = 8*t. Let m be n(1). What is the greatest common factor of c and m?
4
Let v(n) = 4*n + 7. Let j be (-4)/3*12/(-2). Let f be v(j). Suppose -4*y + 26 = -3*y. Calculate the greatest common divisor of y and f.
13
Let j be ((-5)/(10/96))/(-2). Calculate the greatest common divisor of j and 24.
24
Suppose -5 - 16 = -3*t. What is the highest common factor of t and 63?
7
Suppose -6*c + 144 = -0*c. What is the greatest common divisor of c and 36?
12
Let n(m) = -m**3 - 7*m**2 - 3*m - 7. Suppose 0 = 2*a + 3*a + 35. Let b be n(a). Let t = 237 - 111. Calculate the highest common factor of t and b.
14
Let r(k) = k**3 - 6*k**2 + 5*k + 4. Let i be ((-5)/(-2))/(3/6). Let q be r(i). Calculate the greatest common divisor of q and 2.
2
Let x(z) = z**2 + 5*z + 61. Let d be x(-14). What is the greatest common divisor of 11 and d?
11
Let f be (4*7/56)/(2/64). What is the greatest common divisor of f and 88?
8
Let s(l) = -6*l - 4. Let t be s(-5). Suppose 0 = -5*w + 92 + 103. Calculate the highest common factor of w and t.
13
Let w = -149 + 284. What is the greatest common factor of 15 and w?
15
Let s be 4/6*(-7 - 235/(-10)). Suppose 0*u - 3*u + 51 = 0. Let b = 28 - u. Calculate the greatest common factor of s and b.
11
Let f be (-33)/(-6)*2 - (2 - -3). Let t = 62 - 20. What is the highest common divisor of f and t?
6
Suppose -31*q - 22 = -32*q. Calculate the greatest common divisor of q and 55.
11
Let y = 0 - 0. Suppose -5*m + 25 = y, -5*m + 53 + 56 = 4*p. What is the highest common divisor of p and 7?
7
Let v be (0/(16/(-4)))/2. Let m be -15*(v + 0 + -1). What is the greatest common factor of 6 and m?
3
Suppose -14*w - 96 = -22*w. What is the highest common divisor of 156 and w?
12
Let w(v) = -2*v**2 + 2*v - 1. Let y be 1*(2 - 0) + -1. Let o be w(y). Let j be o/3 - (-464)/6. Calculate the highest common divisor of 11 and j.
11
Let s(m) = -m**2 - 24*m - 47. Let w be s(-16). Calculate the highest common factor of 27 and w.
27
Suppose 0 = 2*x + 2*j - 4, 0 = -0*x - 2*x + j - 5. Let k be x/3*43*9. Let z = 186 + k. Calculate the highest common divisor of 38 and z.
19
Suppose 5*q = 3*q + 4. Suppose y + c + 25 = q*y, c = -4*y + 125. Calculate the greatest common divisor of 45 and y.
15
Let j = 72 - 39. Suppose 4*r - 3 = 4*k + 1, -2*r + 23 = 5*k. What is the highest common divisor of j and k?
3
Let z = -81 - -221. Let a(x) = -3*x**2 - 149*x + 70. Let g be a(-50). What is the highest common factor of g and z?
20
Let q(b) = -b**2 + 15*b + 2. Let v be q(15). Calculate the highest common factor of v and 9.
1
Let k(t) = -t**3 + 9*t**2 + 7*t - 9. Let j be k(9). What is the greatest common divisor of 270 and j?
54
Suppose i - 2*i = -1. Let o(c) = 4*c**3 - c**2 + c. Let l be o(i). Calculate the greatest common factor of l and 10.
2
Suppose 5*w + 26 = 4*i, -4*i + 0*i + 2*w + 20 = 0. What is the highest common factor of 92 and i?
4
Let y be (-3 - 11)/(2/(-14)). What is the highest common factor of 14 and y?
14
Suppose 2*r - 450 = -3*r - 3*u, -4*r + 4*u + 360 = 0. What is the highest common divisor of 10 and r?
10
Suppose -2*c + 716 = 3*c + g, -4*g + 4 = 0. Calculate the greatest common divisor of c and 13.
13
Let p = 4 - -19. Let i = -2 - -25. Calculate the highest common factor of p and i.
23
Let i be 2*2 + 5 + -4. Suppose 2*r - 110 = -5*x, -290 = -2*r - 3*r - i*x. Suppose -4*l = l - r. What is the greatest common factor of l and 30?
6
Suppose 12 = 2*z - 3*j, -10*j = z - 12*j - 4. What is the highest common divisor of 6 and z?
6
Suppose -5*s + 1092 = -4*h, -2*s + 620 = 3*h + 174. Calculate the greatest common divisor of s and 20.
20
Let j(t) = t**3 + 4*t**2 + 2*t + 3. Let i(d) = d**3 + 5*d**2 - 3. Let a b